remainder when 564 is divided by 136?
20
What is the remainder when 5769 is divided by 148?
145
What is the remainder when 1017 is divided by 59?
14
What is the remainder when 564 is divided by 191?
182
Calculate the remainder when 196 is divided by 33.
31
Calculate the remainder when 7896 is divided by 2629.
9
Calculate the remainder when 623 is divided by 597.
26
What is the remainder when 206 is divided by 67?
5
Calculate the remainder when 1647 is divided by 110.
107
What is the remainder when 57 is divided by 27?
3
Calculate the remainder when 803 is divided by 95.
43
What is the remainder when 510 is divided by 57?
54
What is the remainder when 3905 is divided by 486?
17
Calculate the remainder when 132 is divided by 28.
20
What is the remainder when 105 is divided by 31?
12
Calculate the remainder when 975 is divided by 19.
6
Calculate the remainder when 12034 is divided by 51.
49
Calculate the remainder when 70 is divided by 17.
2
What is the remainder when 121 is divided by 32?
25
Calculate the remainder when 153 is divided by 52.
49
Calculate the remainder when 244 is divided by 48.
4
What is the remainder when 563 is divided by 100?
63
Calculate the remainder when 793 is divided by 27.
10
Calculate the remainder when 2986 is divided by 36.
34
Calculate the remainder when 1021 is divided by 7.
6
Calculate the remainder when 265 is divided by 22.
1
Calculate the remainder when 509 is divided by 85.
84
What is the remainder when 574 is divided by 281?
12
Calculate the remainder when 384 is divided by 70.
34
Calculate the remainder when 1035 is divided by 174.
165
What is the remainder when 120 is divided by 35?
15
What is the remainder when 21491 is divided by 398?
397
Calculate the remainder when 31 is divided by 12.
7
Calculate the remainder when 203 is divided by 31.
17
Calculate the remainder when 892 is divided by 64.
60
What is the remainder when 542 is divided by 50?
42
What is the remainder when 115 is divided by 62?
53
What is the remainder when 282 is divided by 57?
54
Calculate the remainder when 703 is divided by 11.
10
Calculate the remainder when 912 is divided by 17.
11
What is the remainder when 558 is divided by 47?
41
What is the remainder when 210 is divided by 10?
0
What is the remainder when 2500 is divided by 12?
4
What is the remainder when 9 is divided by 5?
4
Calculate the remainder when 315 is divided by 108.
99
What is the remainder when 380 is divided by 68?
40
Calculate the remainder when 943 is divided by 21.
19
What is the remainder when 755 is divided by 374?
7
What is the remainder when 187 is divided by 27?
25
What is the remainder when 210 is divided by 19?
1
Calculate the remainder when 249 is divided by 94.
61
Calculate the remainder when 206 is divided by 201.
5
What is the remainder when 324 is divided by 122?
80
What is the remainder when 209 is divided by 140?
69
What is the remainder when 432 is divided by 97?
44
Calculate the remainder when 27 is divided by 14.
13
Calculate the remainder when 89 is divided by 24.
17
What is the remainder when 1831 is divided by 20?
11
Calculate the remainder when 27901 is divided by 256.
253
Calculate the remainder when 2461 is divided by 77.
74
Calculate the remainder when 288 is divided by 10.
8
Calculate the remainder when 933 is divided by 5.
3
What is the remainder when 361 is divided by 74?
65
What is the remainder when 378 is divided by 288?
90
Calculate the remainder when 158 is divided by 41.
35
What is the remainder when 1450 is divided by 33?
31
What is the remainder when 377 is divided by 105?
62
What is the remainder when 2664 is divided by 880?
24
What is the remainder when 775 is divided by 19?
15
Calculate the remainder when 267 is divided by 16.
11
What is the remainder when 1234 is divided by 16?
2
What is the remainder when 458 is divided by 23?
21
What is the remainder when 40 is divided by 7?
5
Calculate the remainder when 596 is divided by 256.
84
Calculate the remainder when 1058 is divided by 488.
82
What is the remainder when 153 is divided by 22?
21
What is the remainder when 177 is divided by 58?
3
Calculate the remainder when 508 is divided by 37.
27
What is the remainder when 16 is divided by 7?
2
What is the remainder when 113 is divided by 38?
37
What is the remainder when 295 is divided by 88?
31
What is the remainder when 67 is divided by 27?
13
Calculate the remainder when 7635 is divided by 2536.
27
Calculate the remainder when 168 is divided by 14.
0
Calculate the remainder when 132 is divided by 34.
30
What is the remainder when 190 is divided by 50?
40
What is the remainder when 55 is divided by 22?
11
What is the remainder when 514 is divided by 65?
59
What is the remainder when 96 is divided by 32?
0
What is the remainder when 462 is divided by 159?
144
What is the remainder when 156 is divided by 40?
36
What is the remainder when 222 is divided by 1?
0
Calculate the remainder when 2709 is divided by 12.
9
What is the remainder when 260 is divided by 66?
62
What is the remainder when 121 is divided by 31?
28
Calculate the remainder when 10277 is divided by 9.
8
What is the remainder when 352 is divided by 176?
0
What is the remainder when 34 is divided by 23?
11
Calculate the remainder when 264 is divided by 14.
12
Calculate the remainder when 3100 is divided by 29.
26
Calculate the remainder when 5713 is divided by 97.
87
Calculate the remainder when 948 is divided by 11.
2
What is the remainder when 51 is divided by 40?
11
Calculate the remainder when 74 is divided by 32.
10
Calculate the remainder when 210 is divided by 107.
103
What is the remainder when 707 is divided by 35?
7
What is the remainder when 598 is divided by 146?
14
Calculate the remainder when 213 is divided by 45.
33
Calculate the remainder when 943 is divided by 53.
42
Calculate the remainder when 16 is divided by 10.
6
What is the remainder when 335 is divided by 68?
63
Calculate the remainder when 92 is divided by 32.
28
What is the remainder when 823 is divided by 4?
3
What is the remainder when 681 is divided by 139?
125
What is the remainder when 2483 is divided by 36?
35
Calculate the remainder when 556 is divided by 70.
66
Calculate the remainder when 15622 is divided by 319.
310
Calculate the remainder when 84 is divided by 29.
26
What is the remainder when 887 is divided by 28?
19
Calculate the remainder when 419 is divided by 142.
135
What is the remainder when 743 is divided by 30?
23
What is the remainder when 2040 is divided by 69?
39
Calculate the remainder when 336 is divided by 71.
52
Calculate the remainder when 1673 is divided by 31.
30
What is the remainder when 2719 is divided by 170?
169
What is the remainder when 2005 is divided by 59?
58
Calculate the remainder when 1650 is divided by 238.
222
What is the remainder when 799 is divided by 67?
62
Calculate the remainder when 988 is divided by 314.
46
What is the remainder when 3113 is divided by 43?
17
Calculate the remainder when 4978 is divided by 382.
12
Calculate the remainder when 450 is divided by 63.
9
What is the remainder when 18 is divided by 9?
0
What is the remainder when 124 is divided by 55?
14
What is the remainder when 1158 is divided by 9?
6
What is the remainder when 111 is divided by 4?
3
Calculate the remainder when 578 is divided by 276.
26
What is the remainder when 415 is divided by 11?
8
What is the remainder when 1024 is divided by 22?
12
Calculate the remainder when 2528 is divided by 110.
108
Calculate the remainder when 54 is divided by 31.
23
What is the remainder when 4308 is divided by 98?
94
What is the remainder when 4480 is divided by 101?
36
Calculate the remainder when 22 is divided by 4.
2
Calculate the remainder when 64 is divided by 7.
1
What is the remainder when 6117 is divided by 30?
27
Calculate the remainder when 159 is divided by 24.
15
What is the remainder when 341 is divided by 38?
37
What is the remainder when 107 is divided by 27?
26
What is the remainder when 246 is divided by 62?
60
What is the remainder when 139 is divided by 43?
10
Calculate the remainder when 331 is divided by 56.
51
Calculate the remainder when 1252 is divided by 138.
10
What is the remainder when 3333 is divided by 29?
27
Calculate the remainder when 1